nder when 63 is divided by a(-4).
15
Let z(f) = -f + 14. Suppose 0 = 3*x - 3*k - 186, -4*x - 2*k + 234 = k. What is the remainder when x is divided by z(-17)?
29
Suppose -b + 6*b = 0. Suppose -2 + 0 = d, b = 3*f + 2*d + 34. Let i = f + 14. What is the remainder when 6 is divided by i?
2
Suppose f + 51 = 162. Suppose 2*j - f = -d, 43 = -0*j + j - 2*d. Calculate the remainder when j is divided by (-1)/2*0 + 14.
11
Let t(k) = 3*k - 1. What is the remainder when 58 is divided by t(7)?
18
Suppose -2*x + 8 = -4*c, 0*c = 4*x + 3*c - 38. Calculate the remainder when ((-9)/5 + 2)/((-12)/(-1380)) is divided by x.
7
Suppose -n - 303 = -5*n - g, -2*n + 156 = -4*g. Calculate the remainder when n is divided by 26.
24
Let j(h) = h**2 - 2*h - 3. Let p(m) = m**2 + 4*m. Let v be p(-3). Let n(d) = -d**3 - 4*d**2 + 4*d + 2. What is the remainder when j(v) is divided by n(-5)?
5
Suppose -87 = -3*s + 4*k, 0 = -s - s - 2*k + 44. What is the remainder when 96 is divided by s?
21
Let q(w) = w**3 - 6*w**2 - 12*w + 8. Let l be q(8). Let n = -18 + l. What is the remainder when 42 is divided by n?
20
Suppose 5*p - 3*f - f = 839, -3*p - 3*f = -525. What is the remainder when p is divided by 43?
42
Suppose -k + 0 + 21 = 0. What is the remainder when 123 is divided by k?
18
Let l be (29 - 0)*3/3. Let h = -21 + l. What is the remainder when h is divided by 5?
3
Let v = 27 + -52. Let w = 32 + v. Let q = -51 + 71. What is the remainder when q is divided by w?
6
Let w(o) = -2*o - 12. Let n be w(-8). Let x = 33 - 23. What is the remainder when n/14 + (-271)/(-7) is divided by x?
9
Let z = 1 - -2. What is the remainder when 3 is divided by z?
0
Let c = 36 - -2. Calculate the remainder when c is divided by 6.
2
Let l = -2 + 7. Suppose 4*f - 5*z + 14 = l, -5*f + 3*z + 5 = 0. Suppose 0*r = -3*j - 4*r + 103, -j - f*r = -29. Calculate the remainder when j is divided by 13.
11
Let n(j) = -36*j**3 + j**2 + 2*j + 1. Let m be n(-1). Let f = -18 + m. What is the remainder when f is divided by 10?
8
Let u(a) = a + 6. Let t be u(-5). Calculate the remainder when 4 is divided by ((-2)/(-6) - t)*-3.
0
Suppose 5*v = 5*a - 25, v - 1 = -2*a - 0*v. Let m be (4/(-6))/(6/(-27)). Calculate the remainder when m/1*(-8)/(-6) is divided by a.
0
Let v(r) = r**2 - 1. Let m(b) = 2*b**2 + 6*b - 7. Suppose 1 - 4 = -3*x. Let i(q) = x*m(q) - v(q). What is the remainder when 18 is divided by i(-8)?
8
Let p(g) = g**3 - 10*g**2 + 9*g + 6. Let c be p(9). Suppose 1 - c = -n. What is the remainder when 7 is divided by n?
2
Let o(q) be the first derivative of 12*q**4 + q**3/3 + q**2/2 - q - 2. What is the remainder when o(1) is divided by 17?
15
Suppose 0 = 5*u - 10, 0*w + 3*w = 4*u + 184. Suppose 2*f + f - 75 = -4*g, 2*g + w = 2*f. Calculate the remainder when f is divided by 10.
9
Let y be 0/(-1 - 0) + (10 - 13). Suppose -2*b = 5*q - 5, -2*b + 5*q - 29 = -84. Calculate the remainder when b + (y + 5 - 3) is divided by 5.
4
Suppose -z = -18 + 2. Calculate the remainder when 46 is divided by z.
14
Let f = 74 + -20. Calculate the remainder when f is divided by 19.
16
Suppose -h + 4*g = 3*h - 12, 0 = -4*g. Calculate the remainder when (-2)/(-3) + (-19)/(-3) is divided by h.
1
Suppose i - 6*i + 37 = w, 0 = -3*w + 3*i + 183. Calculate the remainder when w is divided by 15.
12
Let u be (-2)/2*(3 - 2). Let p = 32 + -8. Calculate the remainder when p is divided by u/(1*(-1)/13).
11
Let m = -88 + 51. Suppose -259 = -5*r + 4*c, -r - 2*r + 3*c + 153 = 0. Let y = r + m. What is the remainder when 35 is divided by y?
17
Let g be (10/(-3))/(10/(-15)). Suppose 0 = 2*t - 31 + g. Calculate the remainder when 49 is divided by t.
10
Let m(q) = 3*q - 3. Let f be m(2). Suppose -f*h + 2*h + 11 = 0. What is the remainder when 20 is divided by h?
9
What is the remainder when (-1047)/(-11) + (-12)/66 is divided by 16?
15
Let k(b) = 3*b - 6. Suppose -2*y + 42 = 5*x, -y = -5*y + 3*x + 84. Calculate the remainder when k(15) is divided by y.
18
Let x = 201 - 89. Let a = x + -37. Suppose 0 = 3*y - 0*y - a. Calculate the remainder when y is divided by 9.
7
Let n be (12/(-30))/(1/(-30)). Suppose q + 3 = 4*y, -3*q + 4*q - n = y. What is the remainder when 49 is divided by q?
15
Let b(o) = -2*o + 27. Let a(z) = z - 14. Let u be -3 + 3 + -7 - 0. Let j(f) = u*a(f) - 3*b(f). Calculate the remainder when 19 is divided by j(7).
9
Let j be (-55)/(-25) - 2/10. Suppose j*n = n + 7. Let c = n - -7. Calculate the remainder when 41 is divided by c.
13
Suppose -5*s = -6*s + 6. Let r(x) = -3*x - 5. What is the remainder when (-98)/(-5) - s/10 is divided by r(-5)?
9
Suppose d + 5 = b - 0*b, -31 = -3*b - d. Let o = b - 8. Calculate the remainder when o is divided by 1.
0
Suppose -4*j = -0*j - 48. Let o = 0 - -20. Let g = o - j. What is the remainder when g is divided by 5?
3
Suppose -80 - 88 = -4*h. What is the remainder when h is divided by 11?
9
Suppose 4*g = -3*r - 28, 6*r + 4*g = r - 36. Let n(q) = -q**2 - 5*q + 3. Calculate the remainder when n(r) is divided by 4.
3
Suppose -f = -4*f + 12. What is the remainder when 17 is divided by f?
1
Suppose -t + 5*o + 173 = t, -5*o = 5. Let q(y) = y**2 + 4*y - 1. Let b be q(-4). Calculate the remainder when 26 is divided by t/9 + b/3.
8
Let h = -21 - -31. Calculate the remainder when 118 is divided by h.
8
Suppose 0 = -5*z + 478 - 93. Calculate the remainder when z is divided by 27.
23
Let w = 1 - -35. Let f = 4 + w. Calculate the remainder when f is divided by 14.
12
Let d be (-20 + 0)/(10/(-5)). Let r(l) = -l**3 - d - 43*l**2 + 5*l + 53*l**2 + 9*l. What is the remainder when r(11) is divided by 6?
5
Let u(d) = d + 3. Let q be u(-3). Suppose 4*f + q*f = 92. Suppose 2*a - 11 = 5. Calculate the remainder when f is divided by a.
7
Let d(m) be the first derivative of -m**3/3 + 5*m**2/2 + 2*m + 2. Let c be d(5). Calculate the remainder when (3/3)/(1/c) is divided by 1.
0
Suppose 5*j = 14 + 6. Let d = -9 + 2. Let o = 0 - d. Calculate the remainder when o is divided by j.
3
Let y = -21 - 3. Let z be y/(-10)*(-90)/(-12). Suppose -3*v = 4*l - 5*v - z, 0 = -l - v - 3. Calculate the remainder when l is divided by 1.
0
Let h = 27 + -19. Calculate the remainder when 29 is divided by h.
5
Let t(j) = -j**2 - 10*j + 10. Calculate the remainder when t(-5) is divided by 8.
3
Suppose -5*m = -5, 2*b - 2*m + 58 = 4*b. Calculate the remainder when b is divided by 6.
4
Let y(m) = -m**3 + 10*m**2 + 8*m - 3. Calculate the remainder when y(10) is divided by 20.
17
Let y(f) = f**2 + f + 2. Let h be ((-36)/10)/(4/(-10)). Suppose 2*m = -m + h. Calculate the remainder when 41 is divided by y(m).
13
Suppose b - 3 - 71 = 0. What is the remainder when b is divided by 26?
22
Calculate the remainder when 7/(42/(-234))*4/(-2) is divided by 16.
14
Suppose 0 = -3*c - 2*j + 50 + 32, -2*c = -4*j - 76. Calculate the remainder when c is divided by 1 - -11 - 5/5.
8
Suppose 3*o + 19 + 5 = 0. Calculate the remainder when ((-123)/(-12))/((-2)/o) is divided by 11.
8
Let m(h) = h**2 + h - 3. Let q = 1 + 2. Calculate the remainder when m(q) is divided by 4.
1
Calculate the remainder when (18/(-3))/((-2)/11) is divided by 17.
16
Let j(x) = x**2 - 7*x + 8. Let g be 38/5 - 4/(-10). Let v = g - 1. What is the remainder when 14 is divided by j(v)?
6
Let y be 4/(-6)*-3*2. Suppose 25 = y*v + v. Calculate the remainder when v is divided by 0 + 1 - 1/(5/(-5)).
1
Suppose 9*h = 5*h + 260. What is the remainder when h is divided by 14?
9
Suppose 534 = 43*v - 37*v. Calculate the remainder when v is divided by 30.
29
Calculate the remainder when 36/2*7/2 is divided by 22.
19
Let o be (-4)/10 + (-72)/20. What is the remainder when 10*o/8*-3 is divided by 6?
3
Let c(k) = -11*k + 11. What is the remainder when 87 is divided by c(-1)?
21
Suppose 3*k = b - 0*k - 33, 222 = 5*b + 4*k. Let l = -21 + b. Let t = l + 8. What is the remainder when t is divided by 15?
14
Let c(g) = 9*g**2 - 1. Let v be c(1). Let p be 11/(-3) + (-4)/(-6). Let a = v + p. Calculate the remainder when 14 is divided by a.
4
Let o = -4 - -6. Let d be -2 - (2 + -30)/2. Suppose o*w + 3*u - 18 = 0, 5*u + d - 29 = w. Calculate the remainder when 5 is divided by w.
2
Let t = 220 - 195. Suppose -408 = 3*m - 7*m + 4*j, 0 = 4*j + 20. Calculate the remainder when m is divided by t.
22
Let c(y) = 2*y**3 - 4*y**2 + 2*y + 1. S